.
2
Calculate the remainder when 5667853 is divided by 128.
13
What is the remainder when 15431464 is divided by 173386?
110
What is the remainder when 3604099 is divided by 67?
35
Calculate the remainder when 92814 is divided by 51.
45
What is the remainder when 12198672 is divided by 11120?
32
What is the remainder when 1432130 is divided by 681?
668
Calculate the remainder when 37157 is divided by 12114.
815
Calculate the remainder when 131899 is divided by 18786.
397
Calculate the remainder when 757236 is divided by 757216.
20
What is the remainder when 117593952 is divided by 133?
7
Calculate the remainder when 802353 is divided by 515.
498
Calculate the remainder when 3736484 is divided by 92.
88
What is the remainder when 1473761 is divided by 1749?
1103
What is the remainder when 5460605 is divided by 452?
445
What is the remainder when 2241231 is divided by 3773?
69
What is the remainder when 3348687 is divided by 1116154?
225
Calculate the remainder when 1303233 is divided by 10433.
9541
Calculate the remainder when 685980 is divided by 130.
100
Calculate the remainder when 67906 is divided by 11202.
694
What is the remainder when 105351 is divided by 1033?
1018
What is the remainder when 7774 is divided by 1621?
1290
What is the remainder when 53757537 is divided by 404192?
1
Calculate the remainder when 44461169 is divided by 274.
11
What is the remainder when 36874831 is divided by 3352256?
15
Calculate the remainder when 2738 is divided by 915.
908
Calculate the remainder when 29439486 is divided by 11164.
18
Calculate the remainder when 72559983 is divided by 6489.
6474
What is the remainder when 122272 is divided by 8133?
277
Calculate the remainder when 16533 is divided by 7975.
583
Calculate the remainder when 2929872 is divided by 488298.
84
Calculate the remainder when 138923892 is divided by 1035.
1017
What is the remainder when 92029 is divided by 736?
29
What is the remainder when 891949 is divided by 1172?
57
What is the remainder when 2218328 is divided by 993?
959
What is the remainder when 2662069 is divided by 204768?
85
What is the remainder when 60393 is divided by 3410?
2423
Calculate the remainder when 1793763 is divided by 3951.
9
What is the remainder when 611563 is divided by 334?
9
What is the remainder when 32258 is divided by 132?
50
Calculate the remainder when 840506 is divided by 25469.
29
Calculate the remainder when 1708786 is divided by 110.
46
Calculate the remainder when 3746767 is divided by 247.
24
What is the remainder when 49328107 is divided by 2901653?
6
What is the remainder when 8133 is divided by 140?
13
Calculate the remainder when 29974405 is divided by 2381.
2377
Calculate the remainder when 2703488 is divided by 2816.
128
Calculate the remainder when 3477 is divided by 1057.
306
Calculate the remainder when 7868801 is divided by 2984.
2977
Calculate the remainder when 298755 is divided by 298744.
11
What is the remainder when 1286873 is divided by 25?
23
Calculate the remainder when 3099231 is divided by 25.
6
What is the remainder when 223553 is divided by 10160?
33
Calculate the remainder when 6429646 is divided by 12.
10
Calculate the remainder when 426529 is divided by 106614.
73
Calculate the remainder when 1162923 is divided by 9.
6
Calculate the remainder when 894146 is divided by 74501.
134
What is the remainder when 80872 is divided by 2675?
622
What is the remainder when 6472265 is divided by 28894?
9
What is the remainder when 2949774 is divided by 737443?
2
What is the remainder when 75865524 is divided by 24?
12
What is the remainder when 1069106 is divided by 349?
119
What is the remainder when 2760896 is divided by 10225?
146
What is the remainder when 114148 is divided by 1057?
1049
What is the remainder when 167062 is divided by 189?
175
What is the remainder when 7601918 is divided by 741?
740
What is the remainder when 4103707 is divided by 4103702?
5
What is the remainder when 2785974 is divided by 9445?
9144
What is the remainder when 333367 is divided by 17375?
3242
Calculate the remainder when 365734 is divided by 182808.
118
What is the remainder when 344864 is divided by 172129?
606
Calculate the remainder when 604203 is divided by 1334.
1235
Calculate the remainder when 839094 is divided by 3746.
3736
What is the remainder when 38856 is divided by 83?
12
What is the remainder when 7731177 is divided by 60?
57
Calculate the remainder when 40711 is divided by 1936.
55
Calculate the remainder when 2310889 is divided by 26.
9
Calculate the remainder when 4117440 is divided by 180.
120
Calculate the remainder when 109957428 is divided by 42.
0
What is the remainder when 648718 is divided by 159?
157
What is the remainder when 482568 is divided by 391?
74
What is the remainder when 68207 is divided by 1164?
695
What is the remainder when 162278144 is divided by 1558?
1538
What is the remainder when 48819 is divided by 1575?
1569
Calculate the remainder when 4795790 is divided by 45674.
20
Calculate the remainder when 262705570 is divided by 533.
530
Calculate the remainder when 170076 is divided by 144.
12
What is the remainder when 227130 is divided by 222969?
4161
Calculate the remainder when 318805 is divided by 648.
637
What is the remainder when 4848 is divided by 1903?
1042
Calculate the remainder when 137363 is divided by 74.
19
What is the remainder when 1061 is divided by 271?
248
Calculate the remainder when 3054212 is divided by 43.
8
What is the remainder when 4728857 is divided by 12676?
709
What is the remainder when 32866633 is divided by 1219?
1174
What is the remainder when 697909 is divided by 4362?
4351
Calculate the remainder when 33229744 is divided by 11076579.
7
What is the remainder when 57470143 is divided by 3204?
3199
What is the remainder when 198528 is divided by 148?
60
What is the remainder when 603589 is divided by 4733?
2498
Calculate the remainder when 47430109 is divided by 33.
1
Calculate the remainder when 3690578 is divided by 394.
374
Calculate the remainder when 3033971 is divided by 8794.
41
What is the remainder when 11022337 is divided by 688896?
1
Calculate the remainder when 26311 is divided by 150.
61
Calculate the remainder when 4673118 is divided by 623.
618
Calculate the remainder when 66425423 is divided by 5.
3
What is the remainder when 103004 is divided by 17148?
116
What is the remainder when 3175917 is divided by 244294?
95
What is the remainder when 909272 is divided by 43297?
35
What is the remainder when 119539 is divided by 2385?
289
Calculate the remainder when 165135548 is divided by 21.
11
What is the remainder when 339501923 is divided by 1268?
1263
Calculate the remainder when 299093 is divided by 297346.
1747
What is the remainder when 2973 is divided by 946?
135
What is the remainder when 4118 is divided by 92?
70
Calculate the remainder when 48166589 is divided by 2006941.
5
Calculate the remainder when 2530140 is divided by 316243.
196
Calculate the remainder when 2058830 is divided by 186.
182
What is the remainder when 1687958 is divided by 562646?
20
Calculate the remainder when 1487104 is divided by 4361.
3
What is the remainder when 127758 is divided by 78?
72
Calculate the remainder when 16379237 is divided by 16379235.
2
Calculate the remainder when 3940641 is divided by 1313539.
24
What is the remainder when 26302669 is divided by 2170?
99
Calculate the remainder when 8297373 is divided by 1873.
1856
Calculate the remainder when 123977493 is divided by 62.
61
What is the remainder when 15120370 is divided by 61?
56
Calculate the remainder when 36286 is divided by 553.
341
Calculate the remainder when 8360605 is divided by 76.
73
What is the remainder when 1839235 is divided by 1632?
1603
What is the remainder when 1155217 is divided by 44407?
635
What is the remainder when 51498706 is divided by 2184?
2170
What is the remainder when 919879 is divided by 306301?
976
What is the remainder when 1433878 is divided by 621?
610
Calculate the remainder when 131962 is divided by 43985.
7
Calculate the remainder when 69946 is divided by 235.
151
What is the remainder when 4095508 is divided by 43?
16
Calculate the remainder when 5014459 is divided by 25.
9
What is the remainder when 21468926 is 